?
-24011
In base 13, what is -5 - -44a8?
44a3
In base 12, what is 17 + -1117a?
-11163
In base 12, what is 235 - 1492?
-1259
In base 14, what is -5 + -c068d?
-c0694
In base 11, what is -1 - -79280?
7927a
In base 15, what is -27516 - d?
-27524
In base 14, what is 37c9 - -26?
3811
In base 9, what is 3381857 + -3?
3381854
In base 12, what is -1 + -5878b0?
-5878b1
In base 14, what is -49819 + 5?
-49814
In base 4, what is -3 + -12032001?
-12032010
In base 13, what is 23 + b923?
b946
In base 10, what is -55 - -9711?
9656
In base 2, what is -1001101001101101 - -1001?
-1001101001100100
In base 8, what is -57346 - -5?
-57341
In base 13, what is 275 - b?
267
In base 16, what is 17ca - 1?
17c9
In base 5, what is 0 + 2342421?
2342421
In base 3, what is -1021 + 110112?
102021
In base 13, what is 1a - 18c81?
-18c64
In base 2, what is 101001000110000 - 1000?
101001000101000
In base 11, what is -49459 + 1?
-49458
In base 5, what is -1 - -223031020?
223031014
In base 16, what is -18e - -f38?
daa
In base 2, what is -1100100100 - -101011010?
-111001010
In base 12, what is -747 + -b11?
-1658
In base 9, what is 304 + 732?
1136
In base 4, what is -2330320 + 32?
-2330222
In base 2, what is 10101111111010 - 110101?
10101111000101
In base 5, what is 0 + -2101?
-2101
In base 10, what is -8 - -5470?
5462
In base 5, what is -343 - 3323?
-4221
In base 6, what is -34 + 15030?
14552
In base 6, what is 44111004 - 2?
44111002
In base 12, what is -99b - -58?
-943
In base 13, what is 465 + 1b?
483
In base 2, what is 1011011 - 1000100?
10111
In base 7, what is 25035 + -11?
25024
In base 13, what is 1337 - 118?
121c
In base 11, what is -205642 + 4?
-205639
In base 14, what is -9 - -32a8?
329d
In base 4, what is -23 + 112320?
112231
In base 6, what is -1441231 - 1?
-1441232
In base 9, what is -15665 + -3?
-15668
In base 14, what is 6 + 206238?
206240
In base 13, what is 4c1 - 35?
489
In base 12, what is b32 + 5?
b37
In base 14, what is -16 + 864?
84c
In base 16, what is 2f89a - -1?
2f89b
In base 7, what is -44 - -12041?
11664
In base 15, what is 150 + -13b?
14
In base 15, what is 2 + -6356?
-6354
In base 8, what is -244 - 153?
-417
In base 8, what is 14725 - -14?
14741
In base 12, what is 26 - 123?
-b9
In base 2, what is 101011101001010011000 + 1?
101011101001010011001
In base 13, what is 734b5 - -1?
734b6
In base 13, what is -338 - 2c?
-367
In base 11, what is 96 + -42a?
-344
In base 3, what is 212110 - -100202?
1020012
In base 12, what is -1aa2 + -193?
-2075
In base 5, what is -1224 + 0?
-1224
In base 13, what is 1b81071 + -5?
1b81069
In base 13, what is -1657 - -8?
-164c
In base 11, what is -5 - 784?
-789
In base 10, what is -1559 - -13?
-1546
In base 16, what is -3ed9 + 3?
-3ed6
In base 3, what is 122 + 10201210000?
10201210122
In base 9, what is -10 - 13282?
-13302
In base 12, what is -a - -32b3?
32a5
In base 16, what is -e2 - a8?
-18a
In base 15, what is 777c + -7c?
7700
In base 16, what is -63ab - -10?
-639b
In base 16, what is 20 + -30ec?
-30cc
In base 16, what is 577e + 2?
5780
In base 11, what is 17 + -388a?
-3873
In base 8, what is -73373 - 51?
-73444
In base 5, what is -11104104 + -2?
-11104111
In base 10, what is -3 - 4293?
-4296
In base 5, what is -20 - -144133?
144113
In base 4, what is -3 - 20101320?
-20101323
In base 2, what is 10000011100001 - 110?
10000011011011
In base 9, what is -41606 - 70?
-41676
In base 2, what is 1 - -11011001110100111?
11011001110101000
In base 3, what is 22 + 2202122001?
2202122100
In base 7, what is -2005 + -106?
-2114
In base 13, what is a32 + 108?
b3a
In base 16, what is -766d - b?
-7678
In base 15, what is -2 + bc45e?
bc45c
In base 11, what is 754 + 26?
77a
In base 9, what is 3 + 35116?
35120
In base 10, what is -245 - 1019?
-1264
In base 16, what is 9 - 2d92?
-2d89
In base 12, what is -1 + -3667?
-3668
In base 3, what is 12 - 121010111120?
-121010111101
In base 12, what is -7484b + -5?
-74854
In base 6, what is -1135205 + 5?
-1135200
In base 16, what is -617a4 - -3?
-617a1
In base 15, what is -114 + 936?
822
In base 10, what is -21 + -146133?
-146154
In base 12, what is 5ab3 - 17?
5a98
In base 8, what is 75 - -46674?
46771
In base 10, what is 324618 + 14?
324632
In base 8, what is 7426277 - -1?
7426300
In base 16, what is -24 + 1c1?
19d
In base 3, what is -1120121211 - -2?
-1120121202
In base 11, what is -4 - 2971a?
-29723
In base 6, what is -34152044 + -2?
-34152050
In base 15, what is -3 - -ae013?
ae010
In base 16, what is 1b9 - -492?
64b
In base 2, what is 111100 - 101000001101?
-100111010001
In base 11, what is 2303938 + -1?
2303937
In base 14, what is 0 - b659?
-b659
In base 2, what is -11110010111 + 11011110?
-11010111001
In base 5, what is -2 - 11010430?
-11010432
In base 16, what is -68b1f - -3?
-68b1c
In base 8, what is 5 + -767645?
-767640
In base 3, what is 10 + 121120221?
121121001
In base 16, what is eb + e3?
1ce
In base 13, what is 52a + 34?
561
In base 7, what is -2 + -600226?
-600231
In base 8, what is 26521 - -3?
26524
In base 13, what is 27c3 - 17?
27a9
In base 14, what is 45 + -14b?
-106
In base 11, what is 2428 + 13?
2440
In base 15, what is -78 - 14ba1?
-14c29
In base 8, what is -6 + 11777?
11771
In base 3, what is 10 + -120021211?
-120021201
In base 9, what is 138 - -15068?
15217
In base 8, what is -1377 + 2032?
433
In base 15, what is 17380 - 3?
1737c
In base 4, what is 101 - -11120?
11221
In base 5, what is 132 - -142200?
142332
In base 11, what is 27 - 6410?
-6394
In base 4, what is -202302202 + 22?
-202302120
In base 4, what is -3013130022 - -10?
-3013130012
In base 6, what is -3444 + 15025?
11141
In base 2, what is -1110100 + 101001?
-1001011
In base 5, what is -23114443 - 11?
-23120004
In base 15, what is 2 + 5947?
5949
In base 6, what is 140 + -112350?
-112210
In base 14, what is 358710 + -5?
358709
In base 3, what is -101 - -10211101?
10211000
In base 15, what is 2271a - -2?
2271c
In base 12, what is 73aa - -2?
73b0
In base 10, what is -132888 + 1?
-132887
In base 10, what is 5248 - 8?
5240
In base 8, what is 3015 + 10104?
13121
In base 4, what is 1032 + -1121121?
-1120023
In base 15, what is -13ecd - -2?
-13ecb
In base 16, what is a06dc + -4?
a06d8
In base 14, what is 3 - 975bc?
-975b9
In base 9, what is -4 + -12312?
-12316
In base 13, what is 5 - 1396c?
-13967
In base 4, what is -33331 + -101222?
-201213
In base 6, what is 30520 + 140?
31100
In base 13, what is 392 - -c8?
48a
In base 13, what is 30a + -25a?
80
In base 16, what is -c0 + 1c5?
105
In base 15, what is -5dcbb - -2?
-5dcb9
In base 11, what is 2065 + -1622?
543
In base 5, what is -4 - -341322?
341313
In base 9, what is 1 + 372132?
372133
In base 4, what is -1012320 + 200?
-1012120
In base 11, what is 63 - 2952?
-289a
In base 12, what is -22 + 10360?
1033a
In base 11, what is -169689 + -9?
-169697
In base 6, what is -1514044 - -2?
-1514042
In base 12, what is 27bb + -165?
2656
In base 12, what is -7887a + -1?
-7887b
In base 2, what is -11010101111 - 11011011?
-11110001010
In base 4, what is -32 - -12133?
12101
In base 15, what is 1a + a8?
c3
In base 4, what is -11020333 - -12?
-11020321
In base 9, what is -11 - -20481?
20470
In base 14, what is -50 + 1a833?
1a7c3
In base 12, what is -2770 + 19?
-2753
In base 9, what is 132410 + -1?
132408
In base 12, what is 75595 - 28?
75569
In base 12, what is 23398 + -7?
23391
In base 6, what is 244 + -15452?
-15204
In base 6, what is 254 + -3134?
-2440
In base 4, what is -231232002 - 0?
-231232002
In base 11, what is 3294 - -17?
3300
In base 10, what is 39 - 69?
-30
In base 16, what is 6 - 14bb?
-14b5
In base 16, what is -e - -3ab?
39d
In base 9, what is 1 + 123680?
123681
In base 7, what is -12 - 10465?
-10510
In base 11, what is 4 + 413741?
413745
In base 6, what is 224 - 2400?
-2132
In base 8, what is 1365 + 37?
1424
In base 14, what is b25c94 - 1?
b25c93
In base 10, what is 26481 - 0?
26481
In base 13, what is a43 + 37?
a7a
In base 6, what is -21532 + -40?
-22012
In base 14, what is -3322 + 3a?
-32c6
In base 14, what is a + 161a1?
161ab
In base 6, what is -3040301 + 1?
-3040300
In base 5, what is -23203410 - -10?
-23203400
In base 8, what is 600 + -7177?
-6377
In base 10, what is -365 + -46?
-411
In base 7, what is 11025 + 34?
11062
In base 12, what is 8a7ba + 4?
8a802
In base 11, what is -173 + 3